{"id":36,"date":"2023-03-27T17:06:42","date_gmt":"2023-03-27T15:06:42","guid":{"rendered":"http:\/\/www.ksysk.pl\/?page_id=36"},"modified":"2023-03-27T17:17:06","modified_gmt":"2023-03-27T15:17:06","slug":"kontakt","status":"publish","type":"page","link":"https:\/\/www.ksysk.pl\/?page_id=36","title":{"rendered":"Kontakt"},"content":{"rendered":"\n<p>Ch\u0119tnie odpowiemy na wszystkie Twoje pytania. Je\u015bli chcesz si\u0119 z nami skontaktowa\u0107, skorzystaj z poni\u017cszego formularza<\/p>\n\n\n\n<div class=\"wp-block-contact-form-7-contact-form-selector\">\n<div class=\"wpcf7 no-js\" id=\"wpcf7-f34-o1\" lang=\"pl-PL\" dir=\"ltr\" data-wpcf7-id=\"34\">\n<div class=\"screen-reader-response\"><p role=\"status\" aria-live=\"polite\" aria-atomic=\"true\"><\/p> <ul><\/ul><\/div>\n<form action=\"\/index.php?rest_route=%2Fwp%2Fv2%2Fpages%2F36#wpcf7-f34-o1\" method=\"post\" class=\"wpcf7-form init\" aria-label=\"Formularz kontaktowy\" novalidate=\"novalidate\" data-status=\"init\">\n<fieldset class=\"hidden-fields-container\"><input type=\"hidden\" name=\"_wpcf7\" value=\"34\" \/><input type=\"hidden\" name=\"_wpcf7_version\" value=\"6.1.5\" \/><input type=\"hidden\" name=\"_wpcf7_locale\" value=\"pl_PL\" \/><input type=\"hidden\" name=\"_wpcf7_unit_tag\" value=\"wpcf7-f34-o1\" \/><input type=\"hidden\" name=\"_wpcf7_container_post\" value=\"0\" \/><input type=\"hidden\" name=\"_wpcf7_posted_data_hash\" value=\"\" \/><input type=\"hidden\" name=\"_wpcf7_recaptcha_response\" value=\"\" \/>\n<\/fieldset>\n<p><label> Twoje imi\u0119 i nazwisko<br \/>\n<span class=\"wpcf7-form-control-wrap\" data-name=\"your-name\"><input size=\"40\" maxlength=\"400\" class=\"wpcf7-form-control wpcf7-text wpcf7-validates-as-required\" autocomplete=\"name\" aria-required=\"true\" aria-invalid=\"false\" value=\"\" type=\"text\" name=\"your-name\" \/><\/span> <\/label>\n<\/p>\n<p><label> Tw\u00f3j adres e-mail<br \/>\n<span class=\"wpcf7-form-control-wrap\" data-name=\"your-email\"><input size=\"40\" maxlength=\"400\" class=\"wpcf7-form-control wpcf7-email wpcf7-validates-as-required wpcf7-text wpcf7-validates-as-email\" autocomplete=\"email\" aria-required=\"true\" aria-invalid=\"false\" value=\"\" type=\"email\" name=\"your-email\" \/><\/span> <\/label>\n<\/p>\n<p><label> Temat<br \/>\n<span class=\"wpcf7-form-control-wrap\" data-name=\"your-subject\"><input size=\"40\" maxlength=\"400\" class=\"wpcf7-form-control wpcf7-text wpcf7-validates-as-required\" aria-required=\"true\" aria-invalid=\"false\" value=\"\" type=\"text\" name=\"your-subject\" \/><\/span> <\/label>\n<\/p>\n<p><label> Twoja wiadomo\u015bci (opcjonalne)<br \/>\n<span class=\"wpcf7-form-control-wrap\" data-name=\"your-message\"><textarea cols=\"40\" rows=\"10\" maxlength=\"2000\" class=\"wpcf7-form-control wpcf7-textarea\" aria-invalid=\"false\" name=\"your-message\"><\/textarea><\/span> <\/label>\n<\/p>\n<p><input class=\"wpcf7-form-control wpcf7-submit has-spinner\" type=\"submit\" value=\"Wy\u015blij\" \/>\n<\/p><div class=\"wpcf7-response-output\" aria-hidden=\"true\"><\/div>\n<\/form>\n<\/div>\n<\/div>\n","protected":false},"excerpt":{"rendered":"<p>Ch\u0119tnie odpowiemy na wszystkie Twoje pytania. Je\u015bli chcesz si\u0119 z nami skontaktowa\u0107, skorzystaj z poni\u017cszego formularza<\/p>\n","protected":false},"author":1,"featured_media":0,"parent":0,"menu_order":0,"comment_status":"closed","ping_status":"closed","template":"","meta":{"footnotes":""},"class_list":["post-36","page","type-page","status-publish","hentry"],"yoast_head":"<!-- This site is optimized with the Yoast SEO plugin v27.4 - https:\/\/yoast.com\/product\/yoast-seo-wordpress\/ -->\n<title>Kontakt - KsysK<\/title>\n<meta name=\"robots\" content=\"index, follow, max-snippet:-1, max-image-preview:large, max-video-preview:-1\" \/>\n<link rel=\"canonical\" href=\"https:\/\/www.ksysk.pl\/?page_id=36\" \/>\n<meta property=\"og:locale\" content=\"pl_PL\" \/>\n<meta property=\"og:type\" content=\"article\" \/>\n<meta property=\"og:title\" content=\"Kontakt - KsysK\" \/>\n<meta property=\"og:description\" content=\"Ch\u0119tnie odpowiemy na wszystkie Twoje pytania. Je\u015bli chcesz si\u0119 z nami skontaktowa\u0107, skorzystaj z poni\u017cszego formularza\" \/>\n<meta property=\"og:url\" content=\"https:\/\/www.ksysk.pl\/?page_id=36\" \/>\n<meta property=\"og:site_name\" content=\"KsysK\" \/>\n<meta property=\"article:publisher\" content=\"https:\/\/www.facebook.com\/krzysztof.kunowski\" \/>\n<meta property=\"article:modified_time\" content=\"2023-03-27T15:17:06+00:00\" \/>\n<meta property=\"og:image\" content=\"https:\/\/www.ksysk.pl\/wp-content\/uploads\/2023\/04\/KsysK-Logo.png\" \/>\n\t<meta property=\"og:image:width\" content=\"1979\" \/>\n\t<meta property=\"og:image:height\" content=\"654\" \/>\n\t<meta property=\"og:image:type\" content=\"image\/png\" \/>\n<meta name=\"twitter:card\" content=\"summary_large_image\" \/>\n<script type=\"application\/ld+json\" class=\"yoast-schema-graph\">{\"@context\":\"https:\\\/\\\/schema.org\",\"@graph\":[{\"@type\":\"WebPage\",\"@id\":\"https:\\\/\\\/www.ksysk.pl\\\/?page_id=36\",\"url\":\"https:\\\/\\\/www.ksysk.pl\\\/?page_id=36\",\"name\":\"Kontakt - KsysK\",\"isPartOf\":{\"@id\":\"https:\\\/\\\/www.ksysk.pl\\\/#website\"},\"datePublished\":\"2023-03-27T15:06:42+00:00\",\"dateModified\":\"2023-03-27T15:17:06+00:00\",\"breadcrumb\":{\"@id\":\"https:\\\/\\\/www.ksysk.pl\\\/?page_id=36#breadcrumb\"},\"inLanguage\":\"pl-PL\",\"potentialAction\":[{\"@type\":\"ReadAction\",\"target\":[\"https:\\\/\\\/www.ksysk.pl\\\/?page_id=36\"]}]},{\"@type\":\"BreadcrumbList\",\"@id\":\"https:\\\/\\\/www.ksysk.pl\\\/?page_id=36#breadcrumb\",\"itemListElement\":[{\"@type\":\"ListItem\",\"position\":1,\"name\":\"Strona g\u0142\u00f3wna\",\"item\":\"https:\\\/\\\/www.ksysk.pl\\\/\"},{\"@type\":\"ListItem\",\"position\":2,\"name\":\"Kontakt\"}]},{\"@type\":\"WebSite\",\"@id\":\"https:\\\/\\\/www.ksysk.pl\\\/#website\",\"url\":\"https:\\\/\\\/www.ksysk.pl\\\/\",\"name\":\"KsysK\",\"description\":\"Systemy informatyczne\",\"publisher\":{\"@id\":\"https:\\\/\\\/www.ksysk.pl\\\/#organization\"},\"alternateName\":\"KsysK Krzysztof Kunowski\",\"potentialAction\":[{\"@type\":\"SearchAction\",\"target\":{\"@type\":\"EntryPoint\",\"urlTemplate\":\"https:\\\/\\\/www.ksysk.pl\\\/?s={search_term_string}\"},\"query-input\":{\"@type\":\"PropertyValueSpecification\",\"valueRequired\":true,\"valueName\":\"search_term_string\"}}],\"inLanguage\":\"pl-PL\"},{\"@type\":\"Organization\",\"@id\":\"https:\\\/\\\/www.ksysk.pl\\\/#organization\",\"name\":\"KsysK Krzysztof Kunowski\",\"url\":\"https:\\\/\\\/www.ksysk.pl\\\/\",\"logo\":{\"@type\":\"ImageObject\",\"inLanguage\":\"pl-PL\",\"@id\":\"https:\\\/\\\/www.ksysk.pl\\\/#\\\/schema\\\/logo\\\/image\\\/\",\"url\":\"http:\\\/\\\/www.ksysk.pl\\\/wp-content\\\/uploads\\\/2023\\\/04\\\/KsysK-Logo.png\",\"contentUrl\":\"http:\\\/\\\/www.ksysk.pl\\\/wp-content\\\/uploads\\\/2023\\\/04\\\/KsysK-Logo.png\",\"width\":1979,\"height\":654,\"caption\":\"KsysK Krzysztof Kunowski\"},\"image\":{\"@id\":\"https:\\\/\\\/www.ksysk.pl\\\/#\\\/schema\\\/logo\\\/image\\\/\"},\"sameAs\":[\"https:\\\/\\\/www.facebook.com\\\/krzysztof.kunowski\"]}]}<\/script>\n<!-- \/ Yoast SEO plugin. -->","yoast_head_json":{"title":"Kontakt - KsysK","robots":{"index":"index","follow":"follow","max-snippet":"max-snippet:-1","max-image-preview":"max-image-preview:large","max-video-preview":"max-video-preview:-1"},"canonical":"https:\/\/www.ksysk.pl\/?page_id=36","og_locale":"pl_PL","og_type":"article","og_title":"Kontakt - KsysK","og_description":"Ch\u0119tnie odpowiemy na wszystkie Twoje pytania. Je\u015bli chcesz si\u0119 z nami skontaktowa\u0107, skorzystaj z poni\u017cszego formularza","og_url":"https:\/\/www.ksysk.pl\/?page_id=36","og_site_name":"KsysK","article_publisher":"https:\/\/www.facebook.com\/krzysztof.kunowski","article_modified_time":"2023-03-27T15:17:06+00:00","og_image":[{"width":1979,"height":654,"url":"https:\/\/www.ksysk.pl\/wp-content\/uploads\/2023\/04\/KsysK-Logo.png","type":"image\/png"}],"twitter_card":"summary_large_image","schema":{"@context":"https:\/\/schema.org","@graph":[{"@type":"WebPage","@id":"https:\/\/www.ksysk.pl\/?page_id=36","url":"https:\/\/www.ksysk.pl\/?page_id=36","name":"Kontakt - KsysK","isPartOf":{"@id":"https:\/\/www.ksysk.pl\/#website"},"datePublished":"2023-03-27T15:06:42+00:00","dateModified":"2023-03-27T15:17:06+00:00","breadcrumb":{"@id":"https:\/\/www.ksysk.pl\/?page_id=36#breadcrumb"},"inLanguage":"pl-PL","potentialAction":[{"@type":"ReadAction","target":["https:\/\/www.ksysk.pl\/?page_id=36"]}]},{"@type":"BreadcrumbList","@id":"https:\/\/www.ksysk.pl\/?page_id=36#breadcrumb","itemListElement":[{"@type":"ListItem","position":1,"name":"Strona g\u0142\u00f3wna","item":"https:\/\/www.ksysk.pl\/"},{"@type":"ListItem","position":2,"name":"Kontakt"}]},{"@type":"WebSite","@id":"https:\/\/www.ksysk.pl\/#website","url":"https:\/\/www.ksysk.pl\/","name":"KsysK","description":"Systemy informatyczne","publisher":{"@id":"https:\/\/www.ksysk.pl\/#organization"},"alternateName":"KsysK Krzysztof Kunowski","potentialAction":[{"@type":"SearchAction","target":{"@type":"EntryPoint","urlTemplate":"https:\/\/www.ksysk.pl\/?s={search_term_string}"},"query-input":{"@type":"PropertyValueSpecification","valueRequired":true,"valueName":"search_term_string"}}],"inLanguage":"pl-PL"},{"@type":"Organization","@id":"https:\/\/www.ksysk.pl\/#organization","name":"KsysK Krzysztof Kunowski","url":"https:\/\/www.ksysk.pl\/","logo":{"@type":"ImageObject","inLanguage":"pl-PL","@id":"https:\/\/www.ksysk.pl\/#\/schema\/logo\/image\/","url":"http:\/\/www.ksysk.pl\/wp-content\/uploads\/2023\/04\/KsysK-Logo.png","contentUrl":"http:\/\/www.ksysk.pl\/wp-content\/uploads\/2023\/04\/KsysK-Logo.png","width":1979,"height":654,"caption":"KsysK Krzysztof Kunowski"},"image":{"@id":"https:\/\/www.ksysk.pl\/#\/schema\/logo\/image\/"},"sameAs":["https:\/\/www.facebook.com\/krzysztof.kunowski"]}]}},"_links":{"self":[{"href":"https:\/\/www.ksysk.pl\/index.php?rest_route=\/wp\/v2\/pages\/36","targetHints":{"allow":["GET"]}}],"collection":[{"href":"https:\/\/www.ksysk.pl\/index.php?rest_route=\/wp\/v2\/pages"}],"about":[{"href":"https:\/\/www.ksysk.pl\/index.php?rest_route=\/wp\/v2\/types\/page"}],"author":[{"embeddable":true,"href":"https:\/\/www.ksysk.pl\/index.php?rest_route=\/wp\/v2\/users\/1"}],"replies":[{"embeddable":true,"href":"https:\/\/www.ksysk.pl\/index.php?rest_route=%2Fwp%2Fv2%2Fcomments&post=36"}],"version-history":[{"count":2,"href":"https:\/\/www.ksysk.pl\/index.php?rest_route=\/wp\/v2\/pages\/36\/revisions"}],"predecessor-version":[{"id":43,"href":"https:\/\/www.ksysk.pl\/index.php?rest_route=\/wp\/v2\/pages\/36\/revisions\/43"}],"wp:attachment":[{"href":"https:\/\/www.ksysk.pl\/index.php?rest_route=%2Fwp%2Fv2%2Fmedia&parent=36"}],"curies":[{"name":"wp","href":"https:\/\/api.w.org\/{rel}","templated":true}]}}